 when 1258/22 + 6/(-132)*4 is divided by y/(57/29 - 2)?
28
Let p be (-13)/(-5) + (-8)/(-20). Calculate the remainder when -2 - (-110 + 1 + p) is divided by 36.
32
Let k = 30 + -64. Let w = k + 55. Suppose -1 = -b + 40. What is the remainder when b is divided by w?
20
Let y(q) = -q**3 - 8*q**2 - 6*q + 7. Let c be y(-7). Let l = -14 - -17. Suppose c = k + l*k - 40. What is the remainder when 18 is divided by k?
8
Let r(w) = -5*w + 6. Let m be r(6). Let n = 3 - 0. Calculate the remainder when n is divided by 12/7 + m/(-84).
1
Let d = 1726 - 1689. What is the remainder when 143 is divided by d?
32
Suppose -84 = 103*s - 117*s. Calculate the remainder when 8 is divided by s.
2
Let l = 0 + -4. Let y = l + 13. Calculate the remainder when y is divided by 7.
2
Suppose 5*o + 665 + 325 = 0. What is the remainder when 129 is divided by (-2)/(-3*(-3)/o)?
41
Calculate the remainder when 434 is divided by 72/(-12) + 3 + 8.
4
Suppose -16*f = -326 + 134. Suppose 0 = -3*x + 2*j + 168, x - 3*j = 33 + 16. What is the remainder when x is divided by f?
10
Let o = -16 + 27. Let x = 21 - o. Let k = 32 - 15. Calculate the remainder when k is divided by x.
7
Let o be (5 - 4)*2*-2. Let q(g) = g**3 + 3*g**2 - 2*g + 4. Let i be q(o). Calculate the remainder when 2 is divided by (2*2)/(i - -6).
0
Suppose -275*o + 282*o - 168 = 0. What is the remainder when 118 is divided by o?
22
Suppose v + v = -0*v. Let d be 2/(1/(39/6)). Suppose 0 = -v*l + 5*l + 4*z - 41, -2*l = 5*z - d. Calculate the remainder when l is divided by 6.
3
Suppose -8 = -3*y + 67. Suppose 0 = -3*l - 2*l + y, 130 = 3*p - l. Suppose 2*s = k - 4*k + 12, -4*k + 44 = 5*s. What is the remainder when p is divided by s?
9
Let p(n) = n**3 - 7*n**2 + n + 4. Let k be p(6). Let v = k - -28. What is the remainder when 7 is divided by v?
1
Let o(l) = -l - 16. Let r be o(-10). Let x be (-120)/(-32) - r/(-8). Suppose -u = -x*w + 69, -6*u = -w - u + 23. What is the remainder when 66 is divided by w?
20
Suppose -5*o + 2*o + 21 = 0. Let x(k) = k. Let c(y) = y - 6. Calculate the remainder when x(o) is divided by c(8).
1
Suppose 0 = 21*f + 31*f - 312. Let j be (12/10)/((-6)/(-340)). Suppose i - j = -3*i. Calculate the remainder when i is divided by f.
5
What is the remainder when (-16)/(-56) + -5 + 1112/28 is divided by 4/(-8) + 54/4?
9
Suppose 58*f - 6342 = 1024. What is the remainder when f is divided by 37?
16
Suppose 6*u = u - 10. Let p be (-2 - u) + 2 + 0. Suppose 16 = 2*j - i + 5*i, -2*j - p*i = -26. Calculate the remainder when 71 is divided by j.
17
Let m(c) = c**3 + 8*c**2 + 7*c + 8. Let v be m(-7). Calculate the remainder when v/(-28) + 177/7 is divided by 13.
12
Let h(n) = 5*n**2 - 6*n - 13. Calculate the remainder when 929 is divided by h(-2).
17
Suppose -2*b + p = -39, -p = b + 11 - 35. Calculate the remainder when 3/((-12)/(-295)) + 5/20 is divided by b.
11
Let w(h) be the first derivative of h**4/4 + 2*h**3 - 3*h**2/2 + 2*h - 187. Suppose -5*t + 12 = 42. Calculate the remainder when 56 is divided by w(t).
16
Let t(d) = -d**2 - 6*d + 37. Calculate the remainder when 77 is divided by t(-9).
7
Suppose j + 125 = 5*z, -4*j - 3*z - 637 + 229 = 0. What is the remainder when (j/10 - -6)*48/(-2) is divided by 22?
20
Let y be 8875/10 + 2/4. Suppose 4*h - 16*h = -y. Let p = -21 - -46. What is the remainder when h is divided by p?
24
Suppose 2*z + 10 = 24. Calculate the remainder when (69/30 + (-8)/10)*10 is divided by z.
1
Let k(g) = 6*g - 2. Let p be k(4). Suppose -27*m + 26*m = -2. Suppose m*o - o - p = 0. Calculate the remainder when o is divided by 5.
2
Let v = 14 - 6. Let c(d) = 2*d**2 + d - 1. Suppose -2*m + f - 10 = 0, m = -2*f + 3*f - 7. What is the remainder when c(m) is divided by v?
6
Let n = -115 + 172. Let o = 78 - n. Calculate the remainder when o is divided by 12.
9
Let m = 1 + 3. Suppose 9*g = m*g + 60. What is the remainder when 4 is divided by (g + -9)/(0 + 1)?
1
Let c = -24 - -9. Let r be -1*(2 - 0) + c. Let w = r + 32. Calculate the remainder when w is divided by 8.
7
Let r = 891 - 872. Calculate the remainder when 644 is divided by r.
17
Suppose -8*x = 22*x - 1290. What is the remainder when x is divided by 24?
19
Suppose 0 = 78*g - 75*g - 18. What is the remainder when 25 is divided by g?
1
Let s = 861 - 640. Calculate the remainder when s is divided by 7.
4
Suppose 4*m - 2*j - 88 = 0, m = 6*m + j - 124. Suppose 53 = 5*q + 4*p, -4*p = -5 - 3. Calculate the remainder when m is divided by q.
6
Let z(k) = 17*k**2 + 12*k + 11. Calculate the remainder when z(-3) is divided by 68 + 1/(1/(-1)).
61
Let z = 71 - 66. Suppose b = z*p + 18, 0 = 2*b + b + 3*p - 36. Calculate the remainder when 51 is divided by b.
12
Let m = 181 + -50. Let y = -39 - -61. What is the remainder when m is divided by y?
21
Suppose -b - 10 = j + 3*j, -2*j - 10 = 0. Calculate the remainder when 48 is divided by b.
8
Let t(f) = -f**3 - f**2 + 3*f + 4. Let y be t(-3). Let r = -28 + y. Calculate the remainder when 3/(r/10)*-3 is divided by 3.
0
What is the remainder when 4 - (5 - -4) - -35 is divided by 1 - 3/((-3)/10)?
8
Let y(a) = a**2 + 3*a - 80. Calculate the remainder when 84 is divided by y(10).
34
Let k(z) = -2*z**2 + 3*z - 10. Let c be k(-5). Let t = c - -127. Calculate the remainder when t is divided by 5.
2
Suppose -d - 3*q = -15, -2*d + 20*q + 10 = 21*q. Calculate the remainder when 142 is divided by d.
1
Let i = -650 - -907. What is the remainder when i is divided by 71?
44
Let h = -36 + 23. What is the remainder when 29 is divided by (3 - 1 - h) + 1?
13
Suppose 4*c + 56 = 4*a, 0 = a + 4*a - 3*c - 80. Suppose -6*d = -2*d + 24. Let s(x) = 4*x + 31. What is the remainder when a is divided by s(d)?
5
Let z(y) be the second derivative of y**4/4 + y**3/2 - 9*y**2/2 - 6*y - 4. Calculate the remainder when 123 is divided by z(2).
6
Let z = 769 + -743. Suppose 75 = 5*a + 4*t, -6 = -5*t + 19. Calculate the remainder when z is divided by a.
4
Let j = 1464 + -1312. Calculate the remainder when 464 is divided by j.
8
What is the remainder when 669 is divided by (-2)/22*-11 - -6?
4
Let y(f) = -2*f**3 - 13*f**2 - 7*f + 5. Suppose 3 = -5*k - 2. Let b be k/4 - (-230)/(-40). What is the remainder when 31 is divided by y(b)?
9
Let v = -3 + 6. What is the remainder when ((-28)/v)/(10/(-15)) is divided by 5?
4
Suppose -4*f = -3*f - 75. Suppose 6*q - q = -f. Let b = -13 - q. What is the remainder when 4 is divided by b?
0
Let s(g) = g**3 + 6*g**2 - g - 4. Let b be s(-6). Suppose -4*t + 55 = i, -5*i + b*i = -5*t - 233. Calculate the remainder when i is divided by 36.
35
Let v = -22 + 41. Suppose -2*f + 6 = 0, 2*x - 6*x + 19 = 5*f. Let i = x - -4. Calculate the remainder when v is divided by i.
4
Suppose -213 = -21*o + 1782. Calculate the remainder when o is divided by 14.
11
Let c(d) = 6*d**2 - 2*d + 5*d + 38 - 35 + d**3. Calculate the remainder when 87 is divided by c(-4).
18
Suppose 2769 - 12597 = -117*u. What is the remainder when u is divided by (1 + -2)*(-17 - 0)?
16
Let g(h) be the third derivative of h**6/120 + 2*h**5/15 + 5*h**4/12 + 7*h**3/6 + 41*h**2. Calculate the remainder when g(-4) is divided by 18.
13
Let o(g) = g**3 + 4*g**2 - 6*g - 5. Let a be o(-5). Let z(x) = -2*x + 17. Calculate the remainder when 50 is divided by z(a).
16
Suppose 3*r + 2*q = 37, 5*q - 32 = -3*r + 2. Let v(y) = 3*y - 7 - 6*y + 2 + y**2 + 0*y**2. What is the remainder when v(9) is divided by r?
10
Suppose -2*d - 69 = -5*n, 4*d + 13 = 4*n - 35. Let a = -28 + 61. What is the remainder when a is divided by n?
3
Suppose -9*s + 4*s = 0. Let m = s - 2. Calculate the remainder when 36 is divided by 1/(2/(-13))*m.
10
Let n be 6/(-15) + (-502)/(-5). Let s = 176 - n. What is the remainder when s is divided by 16?
12
Let i = -474 - -2496. Let x be (-2)/7 + i/21. Let m = 151 - x. What is the remainder when m is divided by 14?
13
Suppose d + 9 = -0*d. Let l = d - -14. Suppose 8 = -4*w, -2*w + l = 5*t - 1. What is the remainder when 6 is divided by t?
0
Let z = 387 - 371. Calculate the remainder when 127 is divided by z.
15
Suppose 3004 = 49*r - 1553. What is the remainder when 108 is divided by r?
15
Suppose 3*z - 36 = 5*d, 0*d - 4*d + 5*z - 21 = 0. Let x = -2 - d. What is the remainder when 69/(2 - -1) + -3 is divided by x?
6
Suppose -4*m = -3*l - 49, 3 = -l + m - 13. Let 